3
Let o(c) = -c**3 - 1. Let d(u) = 5*u**3 + 4*u**2 - u + 4. Let s(z) = -d(z) - 4*o(z). What is s(-3)?
-12
Let g(f) = f - 2. Let d be g(0). Let s(p) = -p - 1. Let b be s(d). Let u(k) = -10*k**2 + 2*k - 1. What is u(b)?
-9
Let d(u) = -10*u - 1. Let w(y) = -7*y + 6. Let s(q) = -q + 1. Let k(o) = -6*s(o) + w(o). Let c(j) = d(j) - 6*k(j). Calculate c(-1).
3
Let v(d) = d**2 + d + 1. Let t(x) = -x**3 + 13*x**2 - x + 13. Let u be t(13). Give v(u).
1
Let l(g) = 3*g - 2. Suppose 9 = 3*t, -4*h - h = 5*t - 215. Let q be (-8)/(-14) - h/(-28). Determine l(q).
4
Let q(o) = -2*o. Let l(g) = -4*g. Let a(d) = 4*l(d) - 7*q(d). Give a(2).
-4
Let t(q) = q. Let z(x) = -x**3 - 11*x**2 - 11*x - 13. Let y be z(-10). Calculate t(y).
-3
Let c(t) = -3*t**2 - 2*t - 1 - 6 + 8. Give c(1).
-4
Let y(b) = -4 - 5*b + 5 + 0. Suppose -2 = g + 3*f - 1, -5*g - 5*f + 5 = 0. Let j = 4 - g. Calculate y(j).
-9
Let j(x) = -x**2 - 9*x - 2. Let m be j(-8). Let f(v) = v**3 - 5*v**2 - 7*v + 6. Calculate f(m).
0
Let b(f) be the first derivative of -f**6/36 - f**5/120 - f**4/24 + 2*f**3/3 + 4. Let r(p) be the third derivative of b(p). Calculate r(-1).
-10
Let k(o) = 5*o + 1. Suppose -3*f + 2*u + 2*u = 16, 5*f - 3*u = -34. Let a be -3 - f/(6 - 2). Calculate k(a).
-4
Let x(k) = -6*k**2 - 4*k - 4. Let o(g) = -g**2 - g - 1. Let n(l) = -5*o(l) + x(l). Give n(-1).
-1
Let b(h) = -h**2 - 5*h - 3. Let z(a) = -2*a - 9. Let c(q) = -q - 5. Let w(l) = 9*c(l) - 4*z(l). Let o be w(-6). What is b(o)?
3
Let y(j) = 1 - 5*j**2 - 179*j + 4*j**2 + 174*j. Calculate y(-4).
5
Suppose 2*y + 5*p = 27, y = -4*y - 5*p + 45. Let m(z) = z**3 - 5*z**2 + 6*z - 6. Let x(a) = -a**2. Let c(d) = m(d) + 2*x(d). Determine c(y).
-6
Let p be 1/((-2)/(-3 - -1)). Let c be (4/6)/(p/3). Let w(q) = 2 - q**2 - q**3 - 2*q + 2*q**2 + 3*q**c. Calculate w(4).
-6
Let m(a) = -9 + 1 + 7 - 3*a. Let s be -3*(-2)/(-9)*-3. Determine m(s).
-7
Let o be (-2)/(-4) + 11/2. Let k(f) = -o*f + 2 - f**2 + 0*f**2 + 0. Suppose -19*a + 21 = -22*a + 3*v, 4*v = -4*a - 12. Determine k(a).
7
Let i(a) = a**3 - a**2 + a + 6. Let c be i(-2). Let g(t) = t. What is g(c)?
-8
Let c(j) = -j - 6. Let y(s) = 3*s + 18. Let v(o) = -8*c(o) - 3*y(o). Let r be 22*(1/(-2) - -1). Let t be (r - -1)*1/(-2). Give v(t).
0
Let i be 72/(-18) + (-6)/(-2). Let t(s) = 0*s + 2*s - 1 - 3*s. What is t(i)?
0
Suppose 4*b - 42 = -18. Let k(o) be the second derivative of -o**4/12 + 7*o**3/6 + 3*o**2/2 - 21*o. What is k(b)?
9
Let a(m) = m**2 - 4*m - 4. Suppose -2*y + 3*y = 2. Let l(v) = v**2 - 3*v + 2. Let p be l(3). Suppose y = p*w - 6. Calculate a(w).
-4
Let j(i) = i**3 + 6*i**2 - 2*i - 7. Suppose o - 2*x = 2, -2*x = o - 0*x + 14. What is j(o)?
5
Let s(q) = -q - 3. Let x be (-4)/6 + (-4)/(-6). Calculate s(x).
-3
Let g be 2*-2*1/2. Let s(o) = -o - 9. Let h be s(-10). Let a(l) = -h - 1 + 2*l + 3. Give a(g).
-3
Let x(z) = -134*z**2 - 8*z + 141*z**2 + 2 - 5 + z**3. Determine x(-8).
-3
Let g(i) = 3*i**3 + 5*i**2 + 4*i - 3. Let t(l) = 7*l**3 + 11*l**2 + 8*l - 6. Let c(j) = -9*g(j) + 4*t(j). Suppose -10 = -5*m - 0. What is c(m)?
-1
Let l(m) = -3*m - 1. Suppose 0 = v + 1 - 4. What is l(v)?
-10
Let d(u) = u**3 + 8*u**2 + 9*u - 2. Suppose -19 = -7*m - 68. What is d(m)?
-16
Suppose 4*c + 8 = -4*a, -c + 0*c = -a + 6. Let k(z) = 5*z**3 - 8*z - 6. Let r(v) = -9*v**3 + 15*v + 11. Let n(j) = c*r(j) - 7*k(j). Give n(-3).
-17
Let v(m) = m**3 - 5*m**2 + 5*m + 2. Suppose -6*k = -k - 30. Let n(u) = 2*u - 8. Let a be n(k). Calculate v(a).
6
Let p(j) = j + 9. Let h(t) = t - 2. Let q be h(5). Suppose 0*y = -q*y. Give p(y).
9
Suppose k + w = 3, 3*w + 1 + 2 = k. Let x(c) = -c**3 + 4*c**2 - 2*c. Calculate x(k).
3
Let p(q) = -6*q**3 - q**2 - 2*q - 1. Suppose k + 3*x = -7, 0*k + 2*k - 2*x - 2 = 0. Let d be k + 0/(-2) - 1. Let b be (((-4)/(-2))/d)/1. Determine p(b).
6
Let b(v) = -3*v - 2*v + 6*v + 0*v**2 + 23*v**3 + v**2. What is b(-1)?
-23
Let g(o) = 4*o**2 - 2 - 2*o**2 - 5*o**2 - o - o**2 - o**3. What is g(-4)?
2
Let g(c) = -c**3 - 2*c**2 + 3*c. Suppose d = -9 + 1. Let r(o) be the second derivative of o**3/6 + 5*o**2/2 + o. Let m be r(d). Calculate g(m).
0
Let s(b) = 57 - b**3 - 57 + 3*b**3. Let d(p) = p + 4. Let r be d(0). Let v be 0 + (1 - (r + -2)). What is s(v)?
-2
Let g(q) = 4*q**2 + q. Let d be g(1). Let a(v) be the first derivative of v**2 - 3*v - 1. What is a(d)?
7
Let p(d) = 4*d**2 - 3 - d + 1 + 1. Suppose 0 = 4*n - 9*n + 2*v, 5*v - 25 = 0. Suppose -4*r + 2*r = n. Give p(r).
4
Suppose -17 = 5*z + 3. Let i be (-6)/z - (-1)/(-2). Let q(n) = 3*n - n - n - 3*n - i. What is q(-5)?
9
Let p(n) = -2*n + 1. Suppose 3*f = s - 2*f - 15, 0 = -s + 4*f + 13. Calculate p(s).
-9
Let c(l) be the second derivative of -5*l**3/3 - l**2/2 + l. Suppose -2*b - 5 - 13 = -5*s, 3*b - 4*s = -13. Determine c(b).
-11
Let f(y) = y + 4. Suppose 0 = z - g + 1, -3*z - 40 = 2*z + 2*g. Determine f(z).
-2
Let s(z) = -z**3 + 6*z**2 - 5*z + 5. Suppose 0*j = -2*j - 4. Let l be (5 - 7) + 15/(-3). Let o = j - l. What is s(o)?
5
Let m be 1 + 0/(-1) + 1. Suppose m*i = 5*i - 6, i = 3*b - 4. Let x(l) = 0*l + 1 + 5*l + 3*l**2 - b*l. What is x(-2)?
7
Let x(g) = -g**3 + 6*g**2 + 2. Let y(v) = -3*v**3 + 11*v**2 + 4. Let l(s) = -5*x(s) + 2*y(s). Determine l(-8).
-2
Let m(a) = a**2 - 4*a - 2. Let f(h) = -2*h - 8. Let c(t) = t + 7. Let i(y) = -4*c(y) - 3*f(y). Suppose 0*n + n - 4 = 0. Let x be i(n). Give m(x).
-2
Suppose b = 2 - 0. Let v = b - 1. Let m(i) = -5 + 5*i + 3 + 3. Calculate m(v).
6
Let o(i) = -i + 4. Let c(q) = q**3 + 6*q**2 - 8*q - 2. Let r be c(-7). Suppose -r*v = -2*v - 6. Suppose -20 = 5*m - 0*m - 4*b, v*b = 5*m + 20. Determine o(m).
8
Let q be 77/(-28) + (-2)/8. Let c(a) = -a**2 - 7*a - 3. What is c(q)?
9
Let u(z) = -z**2 + 6*z + 4. Let p be u(6). Let h(g) = g**3 - 3*g**2 - 2*g - 3. Let f be h(p). Let i(c) = c**2 - 4*c + 3. Give i(f).
8
Let t(z) = -5 + z - 1 + z**3 + 4 - 2*z + 3*z**2. Let w be (-1 - 0)/((-2)/(-6)). Calculate t(w).
1
Let a = -34 + 27. Let c(x) = -x - 5. What is c(a)?
2
Suppose 4*m + 4*a - 48 = -0*a, 2*a - 52 = -4*m. Let c = m - 14. Let n(q) = q**3 - q + 6. Calculate n(c).
6
Let v(c) be the first derivative of c**4/4 - c**2/2 + 4*c - 28. Determine v(0).
4
Suppose 0*x - 3*x = -6. Suppose -6 = -2*b - x. Let r(l) = -3*l**2 - l + 4. Let y(g) = 2*g**2 + g - 3. Let m(i) = 3*r(i) + 4*y(i). Calculate m(b).
-2
Let l = -6 - -7. Let q(t) = -2 - 3*t + l + 0. Let f be 1 - (-4)/((-8)/6). What is q(f)?
5
Suppose 0 = -0*m - m - 4. Let q(c) = 3*c**2 + 8*c - 13*c - 4 + c**3 - c. Give q(m).
4
Let n(r) = -r**3 + 5*r**2 - r - 2. Suppose -o = -4*o + 3*b + 24, -2*o + 19 = -3*b. Determine n(o).
-7
Let l be 1/((-5)/(-2) + -2). Let x be (l + -3 - -1)/(-1). Let p(q) = 7*q**2 + q - 4. Let v(s) = 15*s**2 + 2*s - 9. Let k(y) = 13*p(y) - 6*v(y). What is k(x)?
2
Let i(l) be the third derivative of l**4/24 - l**3/6 + 2*l**2. Suppose 0*b - 60 = 5*b. Let p(r) = -r**3 - 11*r**2 + 12*r - 3. Let d be p(b). Determine i(d).
-4
Let n(c) = c - 10. Let l be 80/14 - 8/(-28). What is n(l)?
-4
Let z be 2 - (-1 + -1 + 0). Let k(b) = -5*b + 2. Calculate k(z).
-18
Let h(d) = d**2 + 3*d - 2. Let t = -2 + 0. What is h(t)?
-4
Let y(n) = 2*n - 1. Let r be y(2). Let v be ((-3)/9)/(r/(-18)). Let d(q) = -2*q**2 + q**3 + 0*q**3 - 2 + 3. What is d(v)?
1
Let c(m) = m - 1. Let t(j) = -j**3 - 3*j**2 - 2*j - 2. Let l(b) = b - 11. Let w be l(8). Let a be t(w). Determine c(a).
3
Let c(z) = -15*z + 12. Let d(t) = -7*t + 6. Let m(a) = -6*c(a) + 13*d(a). Suppose 6*b + 28 = 2*b. Let o = 12 + b. Determine m(o).
1
Let r(f) = 3*f**2 - f - 2*f**2 + 1 + 12*f + 0*f**2. Let y be r(-11). Let p(z) = 3*z**3 + 2*z**3 + 2 - y. Give p(1).
6
Let t(d) = -d + 2. Suppose 5 = 3*v - 1. Calculate t(v).
0
Let x(u) = u**2 - 6*u + 5. Let o be -2 - 1 - 2/(-1). Let h be 1/(o/(-10)*1). Suppose h = -0*r - r - 3*b, 4*r = -5*b - 5. Give x(r).
0
Let f = -10 + 15. Let v(u) = -f*u - 2 - 3*u**2 + 4*u**2 + 9. Suppose 0 = -3*x + x + 10. Calculate v(x).
7
Let d(i) be the second derivative of i**3/3 - 11*i**2/2 + 17*i. Give d(8).
5
Let i(c) = 5*c**3 - 10*c**2 - 5*c - 2. Let n(w) = 14*w**3 - 29*w**2 - 15*w - 6. Let j(v) = 17*i(v) - 6*n(v). Let b = -16 - -13. Give j(b).
-4
Let m(c) = 13*c**3 - 3 - 2*c + 7*c**2 - 16*c**3 + 12*c. Let h(u) = 4*u**3 - 7*u**2 - 11*u + 4. Let t(n) = 4*h(n) + 5*m(n). Determine t(-6).
1
Let u be (-2)/3 - 12/(